factors of y.
2, 5, 7
Suppose 0 = -3*r + a + 7 - 6, 3*r = -2*a + 16. Suppose 2*p - 7 = p. Suppose p*f - r*f = 265. List the prime factors of f.
53
Let x = 414 - 289. Suppose 3*h - 204 = -4*w, -5*h + 3*h = -w - x. What are the prime factors of h?
2
Let x = 7405 - 233. What are the prime factors of x?
2, 11, 163
Let m be (9 - 6)/(6/(-28)). Let p = 500 + m. List the prime factors of p.
2, 3
Let w(u) = -8*u**3 + 13*u**2 - 7*u - 198. What are the prime factors of w(-11)?
2, 5, 11
Let d(r) = r**2 + 10*r + 27. Let h be d(-5). Let k be 14*(h - 2/4). Suppose -22*b = -k*b - 176. What are the prime factors of b?
2, 11
Let i(m) = -110*m - 1369. List the prime factors of i(-72).
6551
Suppose -2*a - 25 = -0*f + f, -3*f - 51 = 4*a. Let x be (9/a)/((-42)/(-16))*-14. Suppose x*i - 93 = 7. What are the prime factors of i?
5
Let l = -57 + 8. Let a = 95 + l. List the prime factors of 7107/a*1/(-3)*-2.
103
Suppose 3*g = -3*q + 129, -2*g + 4*g + 43 = q. Suppose 0 = 8*c - 69 - q. Let t(v) = v**3 - 16*v**2 + 33*v - 7. What are the prime factors of t(c)?
3, 7
Let n(g) be the third derivative of g**5/30 - 3*g**4/4 + g**3/3 - 43*g**2. Let d be n(12). Let y = d - 44. What are the prime factors of y?
2, 3, 5
Suppose 10*v = 5*m + 14*v - 292350, -8*m + v + 467797 = 0. List the prime factors of m.
2, 13, 173
Suppose -8548 = -5*x + x. Suppose 11*u - x = 1471. Suppose 4*c + 3*a = 268, 3*c + 2*c + 2*a - u = 0. What are the prime factors of c?
2
Suppose 15*m = 12*m + 18. Let u(t) = 4*t**3 - 4*t**2 - 11*t + 11. What are the prime factors of u(m)?
5, 7, 19
Let x(i) be the first derivative of 22*i**2 - 18*i - 27. List the prime factors of x(4).
2, 79
Let s = 572 - 565. Suppose -9583 = -s*i - 420. What are the prime factors of i?
7, 11, 17
What are the prime factors of (250/(-4500) - (-3803878)/180) + (-2)/(-5)?
7, 3019
Let u = 76 + -69. Suppose -u*s = -6*s - 48. What are the prime factors of s?
2, 3
Suppose s + q - 3 - 3 = 0, -2*s = -4*q - 36. Suppose 0 = 2*b - 4*x - 300, 2*x = -0*x - s. List the prime factors of b.
2, 5, 7
Let u be (-450)/(-7)*(-4 + 25). Let l = u + -718. List the prime factors of l.
2, 79
Let w be 5*5/25*15. Suppose 2*y - w = -5*r, -r - 4*r + 10 = y. Suppose -2*h + 386 = y*g, 0 = g + g - h - 158. What are the prime factors of g?
2, 3, 13
What are the prime factors of 5 + -3 + (18470 - (24 + -15))?
37, 499
Suppose 2160 = -5*u - 3*q, -756 = 4*u + 3*q + 972. Let h = -231 - u. List the prime factors of h.
3, 67
Suppose 5*x - 3 = 2*z - 43, -4*x + 67 = 5*z. Suppose -4*s - 495 = -3*a, -3*s = -0*s. Let v = a - z. What are the prime factors of v?
2, 3, 5
Let l be ((-30)/50)/((-1)/10*2). Suppose 4*d - 8 = 0, -l*d - 134 = -3*v + v. List the prime factors of v.
2, 5, 7
Let x be ((-436)/(-763))/(1/(-77)). Suppose f + 44 = 5*k - 6, 0 = 4*f + k + 158. Let w = f - x. List the prime factors of w.
2
Let f(u) = 1059*u + 10. Let t be f(5). Suppose 0 = -886*y + 881*y + t. What are the prime factors of y?
1061
Suppose -9 = 2*h + 3. Let p be (-21)/56*2*(2 + h). Suppose -c - p*t + 1 = -17, -3*c + 4*t + 67 = 0. What are the prime factors of c?
3, 7
Let o = -661 - -952. List the prime factors of (6 - 8)*o/(-6).
97
Let w(y) be the first derivative of -205*y**2/2 - 283*y + 73. What are the prime factors of w(-10)?
3, 19, 31
List the prime factors of -11 + 15/(150/15370).
2, 7, 109
Suppose 2*i - 4 = s, -2*i - 2*s - s = 4. Suppose 7*l - i - 6 = 0. What are the prime factors of (-5)/15*-9*l?
3
Suppose -3*x + 66124 = 7*w, 330*x - 3*w - 44029 = 328*x. What are the prime factors of x?
5, 881
Let c be 3*-31 + (6 - 9). Let r = -93 - c. List the prime factors of (-4 - 1)*(-18)/r.
2, 3, 5
Let t(l) = 59*l**2 - 172*l - 2262. What are the prime factors of t(-17)?
17713
Let u(i) = -3*i - 6. Let f = 38 - 38. Let h be -7 + f + (-12)/(-4). List the prime factors of u(h).
2, 3
Let m(t) = 50*t**2 - 16*t - 10. What are the prime factors of m(13)?
2, 3, 7
Suppose -23*m + 4294 = 2*a - 18*m, 8570 = 4*a + m. List the prime factors of a.
2, 3, 7, 17
Suppose 0 = -4*m - 16235 + 41675. Suppose m = 6*b - b. List the prime factors of b.
2, 3, 53
Let h = 187 + -176. Suppose -6*d - 1106 = -h*d - 3*j, -5*d + 3*j = -1094. What are the prime factors of d?
2, 5, 11
Suppose 0 = c + 3, -10*b + 289531 = -32*c + 35*c. What are the prime factors of b?
2, 31, 467
Suppose 32*d - 136952 = -20*d + 44*d. What are the prime factors of d?
17, 19, 53
What are the prime factors of (-2632)/(-140)*605 + 2/((-1)/1)?
2, 2843
Suppose -5*d + 11*d + 7386 = 0. Let k = -447 - d. List the prime factors of k.
2, 7
Let i = 885 + 491. Let y = i + -861. List the prime factors of y.
5, 103
Suppose 51*p - 4833 = 24*p. Let s = p + -114. List the prime factors of s.
5, 13
Suppose -5*m + 19094 = -4*u, -4*m - 3*u + 25160 = 9860. Suppose 7*o + m = 33*o. What are the prime factors of o?
3, 7
Suppose k - 4*c = 1142, -5*k + k - 5*c + 4610 = 0. Let r be k/5 + 6/2. Suppose 0 = 3*s - r - 505. What are the prime factors of s?
2, 3, 41
Let f(w) = -w + 3. Let j be f(-5). Suppose -6*s + s + 2*b = -12, s - j = -b. Suppose s*c - 16 = 0, -4*l - c = l - 624. List the prime factors of l.
2, 31
Let w be (315/27 + -12)/(2/(-36324)). Suppose -6666 - w = -10*v. What are the prime factors of v?
2, 3, 53
Let b(j) = 40*j**2 - 38*j + 113. Let c = -430 + 433. List the prime factors of b(c).
359
Suppose -292*j + 46*j + 13706249 - 3117671 = 0. What are the prime factors of j?
7, 11, 13, 43
Suppose 6*t - 10*t + 36624 = -5*z, 3*z = -t + 9173. Suppose -26*o + 5451 + t = 0. What are the prime factors of o?
2, 281
Suppose 1437 + 1734 = -3*u. Let r = -580 - u. List the prime factors of r.
3, 53
Suppose 4*d = 2*u + 16, -1 = -5*d + 2*d - 4*u. Let w be (d/(-1) - -1) + 5. Suppose 0 = w*l - 2*l - 53. List the prime factors of l.
53
Let m = -6245 + 20718. List the prime factors of m.
41, 353
What are the prime factors of -15716*(1 + (-44)/8)*3/6?
3, 3929
Let k be ((-48)/32)/((-2)/(-236))*-4. What are the prime factors of (k/(-10))/((-144)/(-40) - 4)?
3, 59
Let k be -4 + 2 + 3/((-9)/1758). Let t = -363 - k. What are the prime factors of t?
3, 5
Let c be 1 + 20 - (5 + (-9)/(-9)). Suppose 4*l + 4*r = 5588, 0 = -3*l - 13*r + c*r + 4216. What are the prime factors of l?
2, 701
List the prime factors of (-67944)/(-2) - (16 - 31).
3, 11329
Suppose 48*s + 198 + 522 = 0. What are the prime factors of (-6450)/(-5)*-3*2/s?
2, 3, 43
Let w be ((-1)/((-4)/26))/((-1)/2). Let d(q) = -q**3 - 13*q**2 - q - 13. Let u be d(w). Suppose 3*t - 59 - 76 = u. List the prime factors of t.
3, 5
Suppose 0*x + x = 664. Suppose -5*g + 3*l + 43 - 9 = 0, 11 = 4*g + 3*l. Suppose -x = -g*k - 64. List the prime factors of k.
2, 3, 5
Suppose -20*o - 14 = 3*p - 25*o, 0 = 5*p - 3*o + 2. Suppose p*v - 440 = -4*k, 2*v + k - 157 = 271. What are the prime factors of v?
2, 53
Suppose 378*k - 384*k = -2760. Suppose -3*s = k - 1321. List the prime factors of s.
7, 41
Let u(o) = -o**2 + 16*o - 25. Let k be u(15). Let p be (-1)/((10/50)/((-6)/k)). What are the prime factors of 7/28 - ((-135)/4 - p)?
31
Let p = 83 - 101. Let a be 315/p*20/(-1). Let u = 496 - a. List the prime factors of u.
2, 73
Suppose -3*p + 81317 = 5*s, 0 = -3*p + 1588*s - 1589*s + 81349. List the prime factors of p.
47, 577
Let b(r) = -21*r**2 - 56*r - 42. Let t be b(-16). Let v = -2805 - t. What are the prime factors of v?
17, 101
Let h = -3 + 6. Suppose -h*f + 30 = -12. Suppose -2*d + 116 = f. List the prime factors of d.
3, 17
Let o(z) = -194*z + 998. Let j be o(4). Suppose g - 12 = -2*g. Suppose 225 = -6*q + 7*q + g*c, q = -c + j. What are the prime factors of q?
13, 17
Let q be ((-8)/(-6) - -3)/(2/114). Let d = 187 + q. List the prime factors of d.
2, 7, 31
Let y = 356 - 301. Let j = y + 393. What are the prime factors of j?
2, 7
Let d(l) = l - 10. Let z(h) = -1. Let n(p) = -d(p) + z(p). Let k be n(-7). Suppose -k = 2*u - 3*i - 213, 2*u - 2*i = 198. What are the prime factors of u?
2, 5
Let y = 55 - 44. Let w(s) = -1 - 14 + 0*s - y*s. List the prime factors of w(-7).
2, 31
Suppose 53211 = 40*x - 238629. What are the prime factors of x?
2, 3, 19
What are the prime factors of 338811/22 - (-8 - (-153)/18)?
2, 5, 7, 11
Suppose -4*a - 1789*t + 24168 = -1793*t, -2*a = -4*t - 12080. What are the prime factors of a?
2, 1511
Suppose -17829 = -6*r - 15*r. Suppose 7*m = o + 4